6. Let y be d(-6). Give o(y).
-3
Let a(d) = d**2 + 3*d + 5. Let f(o) = -3*o**2 - 54*o - 6. Let u be f(-18). Determine a(u).
23
Let m(f) = 2 - 2 + 2*f**2 - 1. Let d be -2 + (0/(-5))/4. Let s be -4*(d + 14/8). Calculate m(s).
1
Suppose -3*z + y - 21 = 0, -y = -2*z + 3 - 18. Let m(u) = u**3 + 6*u**2 + u + 5. Determine m(z).
-1
Let i(r) = -2*r - 21. Let u be (-836)/(-190)*10/(-4). Determine i(u).
1
Let c(i) be the second derivative of 10*i - 4*i**2 - 1/3*i**3 + 0. Determine c(-6).
4
Suppose -4*n - 8 = -4*v, -2*v + 5*n - 4 = -4*v. Let y(z) = z**3 + 2*z**2 + v + 0*z**2 + z**3 + 0 + 2*z. Determine y(-2).
-10
Let n(x) = -2*x + 7. Suppose -5*v - o = o - 39, -4*v + 24 = 4*o. Determine n(v).
-11
Let r(g) = -9*g + 2. Let n(w) = 2*w + 1. Let o(q) = -4*n(q) - r(q). Give o(12).
6
Let d(k) = -9*k**3 - 15*k**2 + 3*k + 3. Let a(z) = 13*z**3 + 21*z**2 - 4*z - 4. Let q(n) = 5*a(n) + 7*d(n). Calculate q(-1).
-2
Let d(r) = -r**3 + 4*r**2 + 31*r + 2. Let q be d(8). Let m(h) = 3*h + 19. Give m(q).
1
Let y be 28/70 - (86/(-10) + 0). Let h(a) = 3*a**3 + 5*a + 2. Let b(d) = -7*d**3 - 10*d - 5. Let n(x) = y*h(x) + 4*b(x). Give n(3).
-14
Suppose -2*b - 3*u + 665 = 0, 4*b + 0*u - u = 1295. Let v(m) = -5 + 5 + b*m**3 - 326*m**3 + m**2 - m. Let f = 0 + 0. Determine v(f).
0
Let j(v) = 7*v**3 + 2*v**2 + v. Let m = 1568 - 1569. Give j(m).
-6
Let u(t) = 3*t**3 - t. Let k(i) = -13*i**3 + i**2 + 4*i + 1. Let c(j) = -2*k(j) - 9*u(j). Suppose -34 = -4*h + 22. Let b = 11 - h. Determine c(b).
4
Let n = -73 - -183. Let m(z) = 5*z - 4*z + n - 121. What is m(7)?
-4
Let g(m) be the third derivative of -m**5/60 + 5*m**4/24 + 4*m**3/3 - 61*m**2. Calculate g(8).
-16
Suppose 2*k - 7*k = -m + 121, -4*m = -4. Let c = k + 18. Let j be (0 - 9)*c/9. Let h(w) = w - 4. Determine h(j).
2
Let i(t) = 0*t**3 + 6*t + t**3 - 7*t**2 + 0*t**2 + 0*t - 1. Let v(w) = w**3 + 37*w**2 - 79*w - 33. Let u be v(-39). Give i(u).
-1
Let u be 294/(-102) + 12/(-102). Let b(r) = -5*r. Give b(u).
15
Let r(o) = -1 - o**3 - 2*o**2 + 0*o + 3 + 2*o. Suppose 0*t - 30 = -6*t. Suppose 7*m + t = -9. Give r(m).
-2
Let l(x) be the first derivative of 5*x**3/3 - x - 2. Let v be l(1). Let r(n) = -30*n**2 + 64*n**2 + 1 - 3*n - 33*n**2 + 5. What is r(v)?
10
Suppose 0 = -6*l + 97 + 53. Suppose 5*d + 2*h = -l, 3*d + h + 12 = -4. Let j(s) = -s - 5. Calculate j(d).
2
Let r = -220 - -231. Let n(j) = -2*j + 8. Give n(r).
-14
Let b(p) be the first derivative of -p**4/4 - 2*p**3 - p**2/2 + 2*p - 27. Give b(-6).
8
Let s(r) be the first derivative of -8*r**3/3 - 3*r**2/2 - 2*r + 422. Calculate s(-2).
-28
Let p(d) = d**3 - 7*d**2 - 4*d + 3. Let y(t) = -t**2 - t - 1. Let v(o) = -p(o) + 2*y(o). Suppose 0 + 3 = 3*m. Let k be (-27)/(-6) - m/(-2). What is v(k)?
5
Suppose -w + 0 = -4*u + 1, -5*w - 5 = 4*u. Let x(p) = -p**3 - 4*p**2 - 2*p + 5. Let z(r) = -1. Let y(b) = w*x(b) - 4*z(b). Let j = -52 + 49. What is y(j)?
2
Let t be 1232/(-240) + (-4)/(-30). Let i(r) = r**3 + 5*r**2 - 2*r + 4. Determine i(t).
14
Let o(a) = 5*a - 12. Let r(j) = 9*j - 24. Let f be ((-176)/(-40))/(2/(-10)). Let w be ((-6)/4)/((-11)/f). Let k(s) = w*r(s) + 5*o(s). Calculate k(8).
-4
Let a(i) be the second derivative of -1/6*i**3 + 0 + 2*i**2 - 3*i. Let y be -9 + 9 - -1*(-3)/(-1). Give a(y).
1
Let j(q) be the third derivative of 7/60*q**5 - 1/120*q**6 - 1/4*q**4 + 0*q - 6*q**2 + 0 + 7/6*q**3. Give j(6).
7
Let x(q) = 5*q + 2. Suppose 0 = 3*i - 10*i. Suppose -v + i + 4 = 0. What is x(v)?
22
Suppose -3*b + 56 + 142 = 0. Let c be 58/14 - (b/21 + -3). Let f(q) be the third derivative of -q**6/120 + q**5/20 + 5*q**4/24 + q**3/6 + q**2. Give f(c).
5
Let c(q) = 2*q + 1. Let b(o) = -3*o - 1. Let n be (16/20)/(4/(-20)). Let v(t) = n*b(t) - 3*c(t). Let i(x) = 2*x**2 + x - 2. Let w be i(1). Give v(w).
7
Suppose -3*l = -2*s + 12, 10*s - 22 = 5*l + 6*s. Let i(j) = -8*j**2 - 3. Let q(u) = 3*u**2 + 1. Let o(t) = -6*i(t) - 17*q(t). Give o(l).
-11
Let w(i) = 7*i - 3. Let l(q) = 26*q**2 - 54*q + 5. Let t be l(2). Calculate w(t).
4
Let v(h) = h**3 - 7*h**2 + h - 1. Suppose 2 = -2*g + g. Let j(p) = 6*p**3 - 36*p**2 + 6*p - 6. Let l(o) = g*j(o) + 11*v(o). Suppose 292 = 10*a + 332. Give l(a).
-11
Let t(h) = -7*h - 13. Let f(r) be the first derivative of -4*r**2 - 14*r - 21. Let m(d) = 5*f(d) - 6*t(d). Give m(7).
22
Let m(l) = 3*l - 3. Let q be (4/(-10))/((-3)/15). Let o(g) = 3*g**q - 3*g + 3*g**3 + 3*g**2 - 4*g**3 + 4*g. Let u be o(6). Calculate m(u).
15
Let o = -138 + 131. Let s(y) = y**2 + 4*y - 24. Give s(o).
-3
Let c(y) = 3*y + 45 - 24 - 14. What is c(-8)?
-17
Let d be 52/(-39) - 13/(-3). Let c(n) = n**3 - 5*n**2 + 5*n - 2. Determine c(d).
-5
Let n(f) = -3*f - 3*f + 0*f - 5*f - f - 11 - f**2. What is n(-12)?
-11
Suppose 0 = -b + 2*b - 5. Let d(u) = u - 2. Determine d(b).
3
Let n(m) = 4*m**2 + 4*m + 2. Let x = -31 - -34. Let z = 1 - x. Calculate n(z).
10
Suppose 0 = 3*z + 4*l + 1 + 3, z + 12 = -4*l. Let q be (-18)/45 + z/10. Let d(i) = -i**2 - i - 7. Determine d(q).
-7
Let n(a) = -a**2 + 7*a + 10. Let o be n(8). Suppose 0 = -z - 4*s - 12, s + 2 = z - o*s. Let j(m) = -3*m - 3. Calculate j(z).
9
Let o be -2*(-4)/(-6)*36/(-8). Let l(n) = -n**2 + 7*n + 1. Give l(o).
7
Let p(f) = f**2 - 2*f. Suppose 3*d + 22 = 4*d + 5*o, 0 = -4*d - 5*o + 28. Give p(d).
0
Let c(o) be the third derivative of o**6/360 - o**5/40 + o**4/24 - 7*o**3/2 + 22*o**2. Let d(n) be the first derivative of c(n). What is d(3)?
1
Let p(c) = -4*c**3 - 3*c**2 - c + 26. Let t(f) = f**3 + f**2 - 6. Let i(k) = 2*p(k) + 9*t(k). Determine i(-3).
4
Let w(j) = 3*j. Let a be -3 + ((-12)/(-14))/((-2)/(-7)). Suppose 2*b - 3 + 13 = a. Give w(b).
-15
Let g(t) = 0*t - 2*t - 3 - 1. Calculate g(2).
-8
Let m = 0 + -2. Let o be (-60)/(-45) - (-4)/6. Let v(t) = 30 + 0*t**2 - 29 - 2*t**2 + 0*t**o. Calculate v(m).
-7
Let f(g) = 9*g - 11. Let v(z) = -3*z + 4. Let x(y) = 3*f(y) + 8*v(y). Suppose 31*j - 9*j = 44. Determine x(j).
5
Let h(f) be the second derivative of -2*f**2 - 1/15*f**5 + 1/6*f**3 + 1/12*f**4 - 2*f + 0. Let t(i) be the first derivative of h(i). What is t(-1)?
-5
Let n(i) = 14*i + 4. Let r be n(2). Suppose 36*f = r*f - 12. Let c(w) = 3*w + 1. What is c(f)?
-8
Let w = 6 + -8. Let h(b) = -15*b**2 - 10. Let q(m) = 2*m**2 + 2. Let v(a) = -h(a) - 5*q(a). Give v(w).
20
Let y(i) = -5*i**2 - 1. Let n(f) = -9*f**2 - f - 2. Let c(s) = 3*n(s) - 5*y(s). Suppose -7*u - 6 = -5*u. What is c(u)?
-10
Let x(p) = -3*p + 9. Let c be (2/7)/((-2)/(-70)). Calculate x(c).
-21
Let v(x) = x**3 + 8*x**2 - 8*x - 1. Let w(r) = -10*r - 119. Let j be w(-11). Determine v(j).
-10
Let b(l) = -11*l + 9. Let c(u) = -5*u + 4. Let i(g) = -6*b(g) + 13*c(g). Suppose 8*k - 27 = 3*k - 2*t, -3*t - 12 = 0. Suppose -40 = -a - k*a. What is i(a)?
3
Let l(h) = h**2 - 10*h - 12. Suppose 10*c - 6*c = -5*v + 30, 0 = -2*c + 5*v + 30. What is l(c)?
-12
Let b = 8 + -5. Let l(y) be the second derivative of -y**3/3 - y**2 - 2*y. Let q(h) = -h - 1. Let f(k) = -5*l(k) + 12*q(k). What is f(b)?
-8
Suppose o = 2*m - 10, 2*o = -3*m + 8*m - 23. Let c(j) = -j**2 - 5*j - 6. What is c(o)?
-2
Let y(b) = 2*b**2 + 3*b + 1. Suppose 4*h + 5 = -3. Let o = 7 + h. Suppose 4*n - 6*n - 11 = f, -o*n + 5 = -4*f. What is y(n)?
10
Let h(l) = -l**3 + 5*l**2 + 6*l. Let g = 6 - 2. Suppose b = -5*x + 33, 0 = 2*x - x - g*b - 15. Suppose -w + x = p, 2*w - 6 = 4*p + 2. Determine h(w).
0
Let t(h) = 4*h - 30. Let a(b) = -2*b + 15. Let g(w) = 9*a(w) + 4*t(w). What is g(4)?
7
Let o(j) = j - 10. Let i = -31 - -31. Determine o(i).
-10
Let o(h) be the first derivative of 3*h**2/2 - 9*h + 126. Give o(7).
12
Let t = -22 + 22. Suppose t*h + h + 4*p = -20, -4*h + 5*p - 17 = 0. Let f = h - -9. Let r(i) = 2*i + 1. Determine r(f).
3
Let w(n) = n + 10. Let v(f) = f + 18. Let o(z) = 6*v(z) - 11*w(z). Calculate o(-3).
13
Let y(g) be the first derivative of -g**3/3 + 3*g**2 - 3*g - 107. What is y(4)?
5
Let w = -6 + 3. Let r(z) = 4*z**2 - 5*z - 3. Let c(k) = 2*k**2 - 3*k + 1. Let x(y) = c(y) - r(y). What is x(w)?
-20
Let q(d) be the second derivative of d**3/6 + 5*d**2 - 65*d. Suppose 0*u - 3*u = 0. What is q(u)?
10
Let m(k) = -438 - k + 159 + 149 + 148. Give m(10).
8
Let w(t) = -3*t**3 + 26*t**2 + 10*t - 12. Let p(v) = 2*v**3 - 13*v**2 - 6*v + 6. Let u(z) = 5*p(z) + 3*w(z). Give u(-13).
-6
Let i(o) = -49 + 10*o - 4*o**2 + 3*o**2 + 31. Give i(9)